{"id":453,"date":"2020-07-10T12:49:04","date_gmt":"2020-07-10T12:49:04","guid":{"rendered":"http:\/\/wir-im-maushaus.de\/?page_id=453"},"modified":"2021-02-27T16:19:47","modified_gmt":"2021-02-27T15:19:47","slug":"home","status":"publish","type":"page","link":"https:\/\/wir-im-maushaus.de\/blog\/","title":{"rendered":"Home"},"content":{"rendered":"\r\n<p style=\"text-align: center;\">Willkommen auf unserem M\u00e4use Blog.<\/p>\r\n\r\n\r\n\r\n<p style=\"text-align: center;\">Hier findest Du Informationen \u00fcber uns, \u00fcber die Maus mit dem Hirsch und dar\u00fcber was es eigentlich mit diesem Morbus Hirschsprung auf sich hat.<\/p>\r\n<p style=\"text-align: center;\">Ich m\u00f6chte aufmerksam machen, aufkl\u00e4ren und Betroffenen, beziehungsweise deren Eltern, einen echten und ausf\u00fchrlichen Erfahrungsbericht bieten.\u00a0<br \/>Im Blog findet Ihr unsere ganz pers\u00f6nliche Morbus Hirschsprung Geschichte und auf den anderen Seiten viele weitere Informationen zu Morbus Hirschsprung.<\/p>\r\n<p style=\"text-align: center;\">Atmet durch, schaut euch hier um und schreibt mir gerne \u00fcber das Kontaktformular wenn Ihr mehr wissen wollt.<\/p>\r\n<h4 class=\"has-cyan-bluish-gray-color has-text-color\" style=\"text-align: left;\">\u00a0<\/h4>\r\n<p>&nbsp;<\/p>\r\n<figure id=\"attachment_855\" aria-describedby=\"caption-attachment-855\" style=\"width: 300px\" class=\"wp-caption aligncenter\"><a href=\"https:\/\/talfoto.de\/\" target=\"_blank\" rel=\"noopener\"><img loading=\"lazy\" decoding=\"async\" class=\"wp-image-855 size-medium\" src=\"http:\/\/wir-im-maushaus.de\/wp-content\/uploads\/2020\/11\/Familienfotos-047-300x200.jpg\" alt=\"\" width=\"300\" height=\"200\" srcset=\"https:\/\/wir-im-maushaus.de\/wp-content\/uploads\/2020\/11\/Familienfotos-047-300x200.jpg 300w, https:\/\/wir-im-maushaus.de\/wp-content\/uploads\/2020\/11\/Familienfotos-047-1024x683.jpg 1024w, https:\/\/wir-im-maushaus.de\/wp-content\/uploads\/2020\/11\/Familienfotos-047-768x512.jpg 768w, https:\/\/wir-im-maushaus.de\/wp-content\/uploads\/2020\/11\/Familienfotos-047-1536x1024.jpg 1536w, https:\/\/wir-im-maushaus.de\/wp-content\/uploads\/2020\/11\/Familienfotos-047-2048x1366.jpg 2048w, https:\/\/wir-im-maushaus.de\/wp-content\/uploads\/2020\/11\/Familienfotos-047-1140x760.jpg 1140w, https:\/\/wir-im-maushaus.de\/wp-content\/uploads\/2020\/11\/Familienfotos-047-600x400.jpg 600w\" sizes=\"auto, (max-width: 300px) 100vw, 300px\" \/><\/a><figcaption id=\"caption-attachment-855\" class=\"wp-caption-text\">Foto von Talfoto. Klickt es mal an<\/figcaption><\/figure>\r\n\r\n\r\n\r\n<h4 class=\"has-cyan-bluish-gray-color has-text-color wp-block-heading\" style=\"text-align: left;\">Neueste Beitr\u00e4ge:<\/h4>\r\n\r\n\r\n<ul class=\"wp-block-latest-posts__list wp-block-latest-posts\"><li><a class=\"wp-block-latest-posts__post-title\" href=\"https:\/\/wir-im-maushaus.de\/blog\/13-nachkontrolle-und-reisestress\/\">(13) Nachkontrolle und Reisestress<\/a><\/li>\n<li><a class=\"wp-block-latest-posts__post-title\" href=\"https:\/\/wir-im-maushaus.de\/blog\/12-nach-der-operation\/\">(12) nach der Operation<\/a><\/li>\n<li><a class=\"wp-block-latest-posts__post-title\" href=\"https:\/\/wir-im-maushaus.de\/blog\/11-die-operation\/\">(11) DIE Operation<\/a><\/li>\n<li><a class=\"wp-block-latest-posts__post-title\" href=\"https:\/\/wir-im-maushaus.de\/blog\/10-auf-nach-berlin\/\">(10) Auf nach Berlin<\/a><\/li>\n<li><a class=\"wp-block-latest-posts__post-title\" href=\"https:\/\/wir-im-maushaus.de\/blog\/9-die-unruhe-vor-dem-sturm\/\">(9) Die (Un)Ruhe vor dem Sturm<\/a><\/li>\n<\/ul>","protected":false},"excerpt":{"rendered":"<p>Willkommen auf unserem M\u00e4use Blog. Hier findest Du Informationen \u00fcber uns, \u00fcber die Maus mit dem Hirsch und dar\u00fcber was es eigentlich mit diesem Morbus Hirschsprung auf sich hat. Ich m\u00f6chte aufmerksam machen, aufkl\u00e4ren und Betroffenen, beziehungsweise deren Eltern, einen echten und ausf\u00fchrlichen Erfahrungsbericht bieten.\u00a0Im Blog findet Ihr unsere ganz pers\u00f6nliche Morbus Hirschsprung Geschichte und auf den anderen Seiten viele weitere Informationen zu Morbus Hirschsprung. Atmet durch, schaut euch hier um und schreibt mir gerne \u00fcber das Kontaktformular wenn Ihr mehr wissen wollt. \u00a0 &nbsp; Neueste Beitr\u00e4ge:<\/p>\n","protected":false},"author":1,"featured_media":0,"parent":0,"menu_order":0,"comment_status":"closed","ping_status":"closed","template":"","meta":{"footnotes":""},"class_list":["post-453","page","type-page","status-publish","hentry"],"yoast_head":"<!-- This site is optimized with the Yoast SEO plugin v24.9 - https:\/\/yoast.com\/wordpress\/plugins\/seo\/ -->\n<title>Home &#8211; Wir im MausHaus<\/title>\n<meta name=\"robots\" content=\"index, follow, max-snippet:-1, max-image-preview:large, max-video-preview:-1\" \/>\n<link rel=\"canonical\" href=\"https:\/\/wir-im-maushaus.de\/blog\/\" \/>\n<meta property=\"og:locale\" content=\"de_DE\" \/>\n<meta property=\"og:type\" content=\"article\" \/>\n<meta property=\"og:title\" content=\"Home &#8211; Wir im MausHaus\" \/>\n<meta property=\"og:description\" content=\"Willkommen auf unserem M\u00e4use Blog. Hier findest Du Informationen \u00fcber uns, \u00fcber die Maus mit dem Hirsch und dar\u00fcber was es eigentlich mit diesem Morbus Hirschsprung auf sich hat. Ich m\u00f6chte aufmerksam machen, aufkl\u00e4ren und Betroffenen, beziehungsweise deren Eltern, einen echten und ausf\u00fchrlichen Erfahrungsbericht bieten.\u00a0Im Blog findet Ihr unsere ganz pers\u00f6nliche Morbus Hirschsprung Geschichte und auf den anderen Seiten viele weitere Informationen zu Morbus Hirschsprung. Atmet durch, schaut euch hier um und schreibt mir gerne \u00fcber das Kontaktformular wenn Ihr mehr wissen wollt. \u00a0 &nbsp; Neueste Beitr\u00e4ge:\" \/>\n<meta property=\"og:url\" content=\"https:\/\/wir-im-maushaus.de\/blog\/\" \/>\n<meta property=\"og:site_name\" content=\"Wir im MausHaus\" \/>\n<meta property=\"article:publisher\" content=\"https:\/\/www.facebook.com\/Wir-im-MausHaus-110290120767007\" \/>\n<meta property=\"article:modified_time\" content=\"2021-02-27T15:19:47+00:00\" \/>\n<meta property=\"og:image\" content=\"http:\/\/wir-im-maushaus.de\/wp-content\/uploads\/2020\/11\/Familienfotos-047-300x200.jpg\" \/>\n<meta name=\"twitter:card\" content=\"summary_large_image\" \/>\n<meta name=\"twitter:label1\" content=\"Gesch\u00e4tzte Lesezeit\" \/>\n\t<meta name=\"twitter:data1\" content=\"1\u00a0Minute\" \/>\n<script type=\"application\/ld+json\" class=\"yoast-schema-graph\">{\"@context\":\"https:\/\/schema.org\",\"@graph\":[{\"@type\":\"WebPage\",\"@id\":\"https:\/\/wir-im-maushaus.de\/blog\/\",\"url\":\"https:\/\/wir-im-maushaus.de\/blog\/\",\"name\":\"Home &#8211; Wir im MausHaus\",\"isPartOf\":{\"@id\":\"https:\/\/wir-im-maushaus.de\/blog\/#website\"},\"primaryImageOfPage\":{\"@id\":\"https:\/\/wir-im-maushaus.de\/blog\/#primaryimage\"},\"image\":{\"@id\":\"https:\/\/wir-im-maushaus.de\/blog\/#primaryimage\"},\"thumbnailUrl\":\"http:\/\/wir-im-maushaus.de\/wp-content\/uploads\/2020\/11\/Familienfotos-047-300x200.jpg\",\"datePublished\":\"2020-07-10T12:49:04+00:00\",\"dateModified\":\"2021-02-27T15:19:47+00:00\",\"breadcrumb\":{\"@id\":\"https:\/\/wir-im-maushaus.de\/blog\/#breadcrumb\"},\"inLanguage\":\"de\",\"potentialAction\":[{\"@type\":\"ReadAction\",\"target\":[\"https:\/\/wir-im-maushaus.de\/blog\/\"]}]},{\"@type\":\"ImageObject\",\"inLanguage\":\"de\",\"@id\":\"https:\/\/wir-im-maushaus.de\/blog\/#primaryimage\",\"url\":\"http:\/\/wir-im-maushaus.de\/wp-content\/uploads\/2020\/11\/Familienfotos-047-300x200.jpg\",\"contentUrl\":\"http:\/\/wir-im-maushaus.de\/wp-content\/uploads\/2020\/11\/Familienfotos-047-300x200.jpg\"},{\"@type\":\"BreadcrumbList\",\"@id\":\"https:\/\/wir-im-maushaus.de\/blog\/#breadcrumb\",\"itemListElement\":[{\"@type\":\"ListItem\",\"position\":1,\"name\":\"Startseite\",\"item\":\"https:\/\/wir-im-maushaus.de\/blog\/\"},{\"@type\":\"ListItem\",\"position\":2,\"name\":\"Home\"}]},{\"@type\":\"WebSite\",\"@id\":\"https:\/\/wir-im-maushaus.de\/blog\/#website\",\"url\":\"https:\/\/wir-im-maushaus.de\/blog\/\",\"name\":\"Wir im MausHaus\",\"description\":\"Familienblog\",\"potentialAction\":[{\"@type\":\"SearchAction\",\"target\":{\"@type\":\"EntryPoint\",\"urlTemplate\":\"https:\/\/wir-im-maushaus.de\/blog\/?s={search_term_string}\"},\"query-input\":{\"@type\":\"PropertyValueSpecification\",\"valueRequired\":true,\"valueName\":\"search_term_string\"}}],\"inLanguage\":\"de\"}]}<\/script>\n<!-- \/ Yoast SEO plugin. -->","yoast_head_json":{"title":"Home &#8211; Wir im MausHaus","robots":{"index":"index","follow":"follow","max-snippet":"max-snippet:-1","max-image-preview":"max-image-preview:large","max-video-preview":"max-video-preview:-1"},"canonical":"https:\/\/wir-im-maushaus.de\/blog\/","og_locale":"de_DE","og_type":"article","og_title":"Home &#8211; Wir im MausHaus","og_description":"Willkommen auf unserem M\u00e4use Blog. Hier findest Du Informationen \u00fcber uns, \u00fcber die Maus mit dem Hirsch und dar\u00fcber was es eigentlich mit diesem Morbus Hirschsprung auf sich hat. Ich m\u00f6chte aufmerksam machen, aufkl\u00e4ren und Betroffenen, beziehungsweise deren Eltern, einen echten und ausf\u00fchrlichen Erfahrungsbericht bieten.\u00a0Im Blog findet Ihr unsere ganz pers\u00f6nliche Morbus Hirschsprung Geschichte und auf den anderen Seiten viele weitere Informationen zu Morbus Hirschsprung. Atmet durch, schaut euch hier um und schreibt mir gerne \u00fcber das Kontaktformular wenn Ihr mehr wissen wollt. \u00a0 &nbsp; Neueste Beitr\u00e4ge:","og_url":"https:\/\/wir-im-maushaus.de\/blog\/","og_site_name":"Wir im MausHaus","article_publisher":"https:\/\/www.facebook.com\/Wir-im-MausHaus-110290120767007","article_modified_time":"2021-02-27T15:19:47+00:00","og_image":[{"url":"http:\/\/wir-im-maushaus.de\/wp-content\/uploads\/2020\/11\/Familienfotos-047-300x200.jpg","type":"","width":"","height":""}],"twitter_card":"summary_large_image","twitter_misc":{"Gesch\u00e4tzte Lesezeit":"1\u00a0Minute"},"schema":{"@context":"https:\/\/schema.org","@graph":[{"@type":"WebPage","@id":"https:\/\/wir-im-maushaus.de\/blog\/","url":"https:\/\/wir-im-maushaus.de\/blog\/","name":"Home &#8211; Wir im MausHaus","isPartOf":{"@id":"https:\/\/wir-im-maushaus.de\/blog\/#website"},"primaryImageOfPage":{"@id":"https:\/\/wir-im-maushaus.de\/blog\/#primaryimage"},"image":{"@id":"https:\/\/wir-im-maushaus.de\/blog\/#primaryimage"},"thumbnailUrl":"http:\/\/wir-im-maushaus.de\/wp-content\/uploads\/2020\/11\/Familienfotos-047-300x200.jpg","datePublished":"2020-07-10T12:49:04+00:00","dateModified":"2021-02-27T15:19:47+00:00","breadcrumb":{"@id":"https:\/\/wir-im-maushaus.de\/blog\/#breadcrumb"},"inLanguage":"de","potentialAction":[{"@type":"ReadAction","target":["https:\/\/wir-im-maushaus.de\/blog\/"]}]},{"@type":"ImageObject","inLanguage":"de","@id":"https:\/\/wir-im-maushaus.de\/blog\/#primaryimage","url":"http:\/\/wir-im-maushaus.de\/wp-content\/uploads\/2020\/11\/Familienfotos-047-300x200.jpg","contentUrl":"http:\/\/wir-im-maushaus.de\/wp-content\/uploads\/2020\/11\/Familienfotos-047-300x200.jpg"},{"@type":"BreadcrumbList","@id":"https:\/\/wir-im-maushaus.de\/blog\/#breadcrumb","itemListElement":[{"@type":"ListItem","position":1,"name":"Startseite","item":"https:\/\/wir-im-maushaus.de\/blog\/"},{"@type":"ListItem","position":2,"name":"Home"}]},{"@type":"WebSite","@id":"https:\/\/wir-im-maushaus.de\/blog\/#website","url":"https:\/\/wir-im-maushaus.de\/blog\/","name":"Wir im MausHaus","description":"Familienblog","potentialAction":[{"@type":"SearchAction","target":{"@type":"EntryPoint","urlTemplate":"https:\/\/wir-im-maushaus.de\/blog\/?s={search_term_string}"},"query-input":{"@type":"PropertyValueSpecification","valueRequired":true,"valueName":"search_term_string"}}],"inLanguage":"de"}]}},"_links":{"self":[{"href":"https:\/\/wir-im-maushaus.de\/blog\/wp-json\/wp\/v2\/pages\/453","targetHints":{"allow":["GET"]}}],"collection":[{"href":"https:\/\/wir-im-maushaus.de\/blog\/wp-json\/wp\/v2\/pages"}],"about":[{"href":"https:\/\/wir-im-maushaus.de\/blog\/wp-json\/wp\/v2\/types\/page"}],"author":[{"embeddable":true,"href":"https:\/\/wir-im-maushaus.de\/blog\/wp-json\/wp\/v2\/users\/1"}],"replies":[{"embeddable":true,"href":"https:\/\/wir-im-maushaus.de\/blog\/wp-json\/wp\/v2\/comments?post=453"}],"version-history":[{"count":11,"href":"https:\/\/wir-im-maushaus.de\/blog\/wp-json\/wp\/v2\/pages\/453\/revisions"}],"predecessor-version":[{"id":910,"href":"https:\/\/wir-im-maushaus.de\/blog\/wp-json\/wp\/v2\/pages\/453\/revisions\/910"}],"wp:attachment":[{"href":"https:\/\/wir-im-maushaus.de\/blog\/wp-json\/wp\/v2\/media?parent=453"}],"curies":[{"name":"wp","href":"https:\/\/api.w.org\/{rel}","templated":true}]}}